lculate the remainder when 2382 is divided by 221.
172
What is the remainder when 82821 is divided by 129?
3
Calculate the remainder when 6434 is divided by 71.
44
Calculate the remainder when 62892 is divided by 1750.
1642
Calculate the remainder when 1882407 is divided by 510.
507
What is the remainder when 4489 is divided by 2229?
31
What is the remainder when 1101995 is divided by 73466?
5
What is the remainder when 36381 is divided by 168?
93
What is the remainder when 108019 is divided by 15?
4
What is the remainder when 43370 is divided by 117?
80
What is the remainder when 149 is divided by 35?
9
What is the remainder when 32696 is divided by 158?
148
What is the remainder when 561 is divided by 453?
108
Calculate the remainder when 317 is divided by 76.
13
What is the remainder when 4099 is divided by 592?
547
Calculate the remainder when 10285 is divided by 794.
757
Calculate the remainder when 38097 is divided by 438.
429
Calculate the remainder when 21369 is divided by 198.
183
Calculate the remainder when 3751 is divided by 899.
155
Calculate the remainder when 2784 is divided by 685.
44
Calculate the remainder when 1861 is divided by 79.
44
What is the remainder when 11643 is divided by 1492?
1199
Calculate the remainder when 345885 is divided by 163.
162
What is the remainder when 865 is divided by 214?
9
What is the remainder when 28958 is divided by 49?
48
Calculate the remainder when 12496 is divided by 227.
11
What is the remainder when 2209 is divided by 40?
9
Calculate the remainder when 1034 is divided by 65.
59
Calculate the remainder when 209443 is divided by 2159.
20
What is the remainder when 307 is divided by 198?
109
What is the remainder when 957 is divided by 453?
51
Calculate the remainder when 231229 is divided by 11560.
29
Calculate the remainder when 276309 is divided by 49.
47
Calculate the remainder when 39023 is divided by 183.
44
Calculate the remainder when 271829 is divided by 683.
678
Calculate the remainder when 692851 is divided by 34.
33
Calculate the remainder when 8113 is divided by 105.
28
What is the remainder when 17266 is divided by 1726?
6
What is the remainder when 1619083 is divided by 1235?
1233
What is the remainder when 9960 is divided by 384?
360
What is the remainder when 2851 is divided by 2812?
39
Calculate the remainder when 10261 is divided by 29.
24
What is the remainder when 7194 is divided by 259?
201
What is the remainder when 24050 is divided by 14?
12
Calculate the remainder when 4439 is divided by 489.
38
Calculate the remainder when 56621 is divided by 18867.
20
Calculate the remainder when 10388 is divided by 10307.
81
Calculate the remainder when 10129 is divided by 2004.
109
Calculate the remainder when 31991 is divided by 7979.
75
Calculate the remainder when 19618 is divided by 491.
469
What is the remainder when 345364 is divided by 392?
12
Calculate the remainder when 149174 is divided by 255.
254
What is the remainder when 1405865 is divided by 102?
101
Calculate the remainder when 211045 is divided by 309.
307
What is the remainder when 30325 is divided by 440?
405
Calculate the remainder when 30653 is divided by 20.
13
Calculate the remainder when 32532 is divided by 45.
42
What is the remainder when 1483 is divided by 362?
35
What is the remainder when 832 is divided by 231?
139
What is the remainder when 523658 is divided by 20?
18
What is the remainder when 8829 is divided by 1459?
75
What is the remainder when 39206 is divided by 9799?
10
Calculate the remainder when 4804 is divided by 3957.
847
What is the remainder when 285998 is divided by 275?
273
What is the remainder when 1333850 is divided by 215?
205
Calculate the remainder when 110388 is divided by 22074.
18
What is the remainder when 4244 is divided by 1392?
68
What is the remainder when 21843 is divided by 582?
309
Calculate the remainder when 218252 is divided by 399.
398
What is the remainder when 6282 is divided by 96?
42
Calculate the remainder when 21715 is divided by 3573.
277
Calculate the remainder when 4542 is divided by 499.
51
Calculate the remainder when 140100 is divided by 122.
44
Calculate the remainder when 4690 is divided by 88.
26
Calculate the remainder when 143640 is divided by 9.
0
What is the remainder when 14786 is divided by 1707?
1130
Calculate the remainder when 2643 is divided by 843.
114
What is the remainder when 12761 is divided by 84?
77
Calculate the remainder when 95211 is divided by 101.
69
What is the remainder when 5510 is divided by 551?
0
Calculate the remainder when 507498 is divided by 116.
114
Calculate the remainder when 1898 is divided by 18.
8
What is the remainder when 31165 is divided by 1654?
1393
What is the remainder when 96121 is divided by 4574?
67
What is the remainder when 124543 is divided by 115?
113
What is the remainder when 7561 is divided by 1005?
526
What is the remainder when 2499 is divided by 1224?
51
What is the remainder when 1332225 is divided by 169?
167
What is the remainder when 251568 is divided by 251544?
24
Calculate the remainder when 20952 is divided by 155.
27
Calculate the remainder when 310654 is divided by 20.
14
What is the remainder when 2407654 is divided by 19?
12
What is the remainder when 283 is divided by 78?
49
What is the remainder when 21492 is divided by 826?
16
Calculate the remainder when 1694 is divided by 127.
43
What is the remainder when 19198 is divided by 60?
58
What is the remainder when 547 is divided by 535?
12
What is the remainder when 6594 is divided by 55?
49
Calculate the remainder when 1216 is divided by 22.
6
What is the remainder when 21560 is divided by 10?
0
What is the remainder when 15749 is divided by 20?
9
What is the remainder when 332194 is divided by 41523?
10
Calculate the remainder when 2983 is divided by 168.
127
What is the remainder when 1196 is divided by 47?
21
What is the remainder when 23461 is divided by 108?
25
Calculate the remainder when 18232 is divided by 61.
54
Calculate the remainder when 23863 is divided by 582.
1
What is the remainder when 1200 is divided by 116?
40
Calculate the remainder when 80185 is divided by 13364.
1
Calculate the remainder when 260587 is divided by 454.
445
What is the remainder when 40123 is divided by 386?
365
What is the remainder when 188 is divided by 90?
8
What is the remainder when 21250 is divided by 6?
4
What is the remainder when 110061 is divided by 27509?
25
What is the remainder when 6183821 is divided by 75?
71
What is the remainder when 2186 is divided by 153?
44
Calculate the remainder when 162645 is divided by 559.
535
What is the remainder when 2004 is divided by 412?
356
What is the remainder when 58861 is divided by 29402?
57
Calculate the remainder when 7355302 is divided by 407.
405
Calculate the remainder when 1445 is divided by 30.
5
What is the remainder when 136299 is divided by 6?
3
Calculate the remainder when 63677 is divided by 398.
395
What is the remainder when 519933 is divided by 48?
45
Calculate the remainder when 36276 is divided by 113.
3
Calculate the remainder when 3020 is divided by 704.
204
What is the remainder when 191905 is divided by 121?
120
Calculate the remainder when 275907 is divided by 2014.
2003
What is the remainder when 1548 is divided by 91?
1
Calculate the remainder when 4983 is divided by 382.
17
Calculate the remainder when 1706 is divided by 134.
98
Calculate the remainder when 18898 is divided by 225.
223
What is the remainder when 3377359 is divided by 259?
258
Calculate the remainder when 1832 is divided by 599.
35
What is the remainder when 3604 is divided by 660?
304
What is the remainder when 2905 is divided by 133?
112
Calculate the remainder when 24980 is divided by 6218.
108
What is the remainder when 2154 is divided by 559?
477
What is the remainder when 247 is divided by 239?
8
What is the remainder when 21490 is divided by 438?
28
Calculate the remainder when 87635 is divided by 14604.
11
What is the remainder when 123747 is divided by 99?
96
What is the remainder when 1015 is divided by 216?
151
What is the remainder when 15797 is divided by 24?
5
What is the remainder when 24604 is divided by 259?
258
Calculate the remainder when 1786741 is divided by 7.
5
Calculate 